1. What is the remainder when 27 is divided by n(v)?
12
What is the remainder when (-1081)/46*(-5 + 3) is divided by 21 + (-1 + 5)/(-2)?
9
Let q = -689 - -801. Let x = q - 89. What is the remainder when x is divided by 14?
9
Suppose -34 = 4*a + s - 109, -2*s + 6 = 0. Let p(b) = 3406*b + 10391. Calculate the remainder when p(-3) is divided by a.
11
Let h(x) = 10*x**2 - 29*x - 15. What is the remainder when h(5) is divided by 27?
9
What is the remainder when 320 is divided by -15*28/(-210)*18?
32
What is the remainder when 58/(-4)*-8 + 3 is divided by ((-4)/14)/((-33)/(129129/26))?
33
Let m(v) = -9*v**2 - 29*v - 6. Let t(u) = 7*u**2 + 28*u + 5. Let h(s) = -2*m(s) - 3*t(s). What is the remainder when 64 is divided by h(-8)?
12
Suppose -10*x = -183*x + 6574. Let r be (-8)/(-3) - (-2)/(-3). What is the remainder when ((-2)/r)/1 - -226 is divided by x?
35
Let z = 34 - 34. Suppose z = 3*y - y - 16. Calculate the remainder when -2 + (5 - y - 13*-2) is divided by 5.
1
Suppose -2*p + 8 = -2*g, -4*g - 66*p - 16 = -67*p. Let n(o) be the first derivative of -o**2/2 + 7*o + 2. Calculate the remainder when 41 is divided by n(g).
8
Let y be (-3)/(-12) + (-47)/(-4). Let f be -11 + (-95 - 1)/(-8) + 11 + -1. Suppose f*h + 20 = y*h. Calculate the remainder when 58 is divided by h.
18
Suppose 150 = 5*r + 4*l, l + 77 = 2*r + 6*l. Suppose 23633 = r*s - 2055. What is the remainder when s is divided by 15?
13
Suppose -10878 = -86*u + 100234. Calculate the remainder when u is divided by 7.
4
Suppose 0 = -4*h - 2*u + 21 - 1, -u + 2 = 0. Suppose h*j - 7*i = -3*i + 24, 5*i + 10 = 0. What is the remainder when 75 is divided by j?
3
Let q = 79 - 53. Let s = 47 + -42. Calculate the remainder when 2772/55 - 2/s is divided by q.
24
Suppose i = 3*i - 6. Suppose 3*m = 5*b - 506, 0 = -i*m + 12 - 3. Let t = -8059 + 8080. What is the remainder when b is divided by t?
19
Suppose -4*b = -4*x - 2*b + 44, -b = 0. Suppose -x*u + 241 = -386. Suppose 4*f = -3*z + 30 + 18, -5*z = f + 5. Calculate the remainder when u is divided by f.
12
Let a(t) = 2*t**3 - 103*t**2 + 44*t + 443. Calculate the remainder when a(51) is divided by 13.
8
Let p be (6/18)/((-1)/(-84)). Calculate the remainder when 65 is divided by 3 + (33/4 - 7/p).
10
Let v = 34060 - 33991. What is the remainder when v is divided by 55?
14
Suppose -10 = -2*c + 6. Suppose 2*w + w = -4*l + 10, 0 = -w + 3*l + 12. Suppose 3*m = -w*m + 27. What is the remainder when c is divided by m?
2
Let k(p) = p**3 + 3*p**2 + 4*p + 3. Let j be k(-2). Let h be (-4 - -3)/j*1 - -39. Suppose -c = 5 - h. What is the remainder when c is divided by 10?
5
Let a = -424 + 603. Suppose 2*t = 5*t - 2*d - 221, 5*d - a = -2*t. Let z = t + -48. What is the remainder when z is divided by 10?
9
Suppose 7*y + 124 = 8*y. Suppose 0 = 3*f - 5*k - 88, 3*f - 11*k = -15*k + y. Calculate the remainder when f is divided by 15.
6
Suppose 115*o = 16*o + 13266. What is the remainder when o is divided by 13?
4
Let b(q) = -10 - 4*q**2 + q**2 + 33*q - 3*q**2 - 3*q. What is the remainder when b(4) is divided by 8?
6
Let y(u) = u**2 + 23*u + 33. Let x = -521 + 815. What is the remainder when x is divided by y(0)?
30
Suppose 15*k + 15*k - 79287 = -27*k. What is the remainder when k is divided by 45?
41
Suppose 47 - 22 = -5*d. What is the remainder when 191 is divided by (-1 + (-9)/(-5))/(d/(-150))?
23
Let n(t) = -t**3 + 19*t**2 + 9*t + 749. Calculate the remainder when 3581 is divided by n(21).
53
Let c(m) = 10*m**3 - 55*m**2 - 9*m + 58. Calculate the remainder when c(6) is divided by 6.
4
Let d(z) = 700*z + 41. What is the remainder when d(1) is divided by 362?
17
Let g = 34 + 4. Suppose 5687*h = 5901*h - 39804. What is the remainder when h is divided by g?
34
Let b = 1256 - 1041. Calculate the remainder when b is divided by 9.
8
Let c(g) = -g**2 - 3*g + 20. Let r be c(3). Suppose -4*a - 3*f = -25, -r*f - 12 = -4*a + 38. What is the remainder when 45 is divided by a?
5
Let x(h) = -67*h + 26. Let p be x(3). Let n = 188 + p. What is the remainder when 21 is divided by n?
8
Suppose -15*z + 270 = -28*z + 40*z. Let g = -58 - -87. Suppose 3*s = z + g. What is the remainder when 218 is divided by s?
10
Let v be 308*((-40)/32 - -2). Calculate the remainder when (0 + -24)/(v/(-1540)) is divided by 9.
7
Let d(o) = o**3 + 9*o**2 - 81*o - 516. What is the remainder when 203 is divided by d(-10)?
9
Let d(m) = m**3 - 19*m**2 - 49*m + 140. Let a be d(21). Let c be (-4)/14 - 23/(-7). Calculate the remainder when 5 is divided by (28/(-6))/a*c.
1
Suppose 13*m - 308 = 121. What is the remainder when 2/(4 + -2) - -74 is divided by 902/m - 1/3?
21
Let j = 5430 - 4603. Calculate the remainder when j is divided by 92.
91
Let x(q) = -q**2 - 4*q - 1. Let f(p) = 6*p - 12. Let w be f(5). Calculate the remainder when (-3 - 6) + w/1 is divided by x(-3).
1
Let c(y) = -47*y - 775. Calculate the remainder when c(-17) is divided by 20.
4
What is the remainder when (-488)/(-6)*(-834)/(-139) + 1/1 is divided by 36?
21
Let x = 265 + -132. What is the remainder when x is divided by ((-6)/(-15))/(24/540)?
7
What is the remainder when 85 is divided by 8/1 + -20 + 8 + 62?
27
Suppose 137*v - 138*v - 55 = 0. Let a = 67 + v. What is the remainder when 43 is divided by a?
7
Suppose -4*y = 16, -2*p + 151 = 5*y - 11. Suppose -c = -6*c + 180. Calculate the remainder when p is divided by c.
19
Suppose -2*l + 4*y + 104 = 0, -3*l + 3*y + 40 = -131. Let f(z) = 8*z - 3. What is the remainder when (5/(-5))/(-2)*l is divided by f(2)?
5
Suppose 0 = 5*s + 4*q - 69 - 268, -s + 5*q = -108. What is the remainder when 241 is divided by s?
22
Suppose -22*k + 11 = -33*k. Let u(o) = 13*o**2 + 5*o + 5. Calculate the remainder when 1*-1 - -1 - -24 is divided by u(k).
11
Suppose 61*y - 121*y + 44*y + 4752 = 0. Calculate the remainder when y is divided by 179.
118
Let h be -7 + 10 - (691 - 2). Let m = -656 - h. Calculate the remainder when 98 is divided by m.
8
Let q(v) = -177*v - 3*v**2 + 70 + 104*v + 94*v + 21*v**2. What is the remainder when q(-3) is divided by 46?
31
Suppose 4*i + r = -3, 9*i - 6*i + 2*r + 6 = 0. Suppose 2*k - 377 + 269 = i. What is the remainder when k is divided by 7/((10/4)/5)?
12
Let p = 380 + -375. Suppose 2*u + 3*u = 5*w - 1830, 3*w + p*u - 1058 = 0. Calculate the remainder when w is divided by 14.
11
Suppose 12*s - 8*s - 48 = 0. Let p be 63/6*(-20)/(-3). Suppose g - 5*y = -y + p, 5*y - 275 = -5*g. What is the remainder when g is divided by s?
10
Let p(n) = 330*n**2 + 142*n + 142. What is the remainder when p(-1) is divided by 32?
10
Calculate the remainder when 9705*(-4)/(-10)*(-10)/(-20) is divided by 81.
78
Calculate the remainder when (2 - -1 - 4 - (-4 - -9)) + 10895 is divided by 33.
32
Suppose -67*z = -57*z - 270. Let n(b) = -b**3 - b**2 - b + 102. What is the remainder when n(0) is divided by z?
21
Let n = 4917 + -2408. Suppose -15*z + n = -2*z. Calculate the remainder when z is divided by 65.
63
Let b(o) = 9*o**3 + 9*o**2 - 2*o - 4. Let p be b(-3). What is the remainder when (1/(28/p))/(20/(-350)) is divided by 22?
12
Let b be (10100/8)/((-15)/90). What is the remainder when ((-1)/3)/(25/b) is divided by 13?
10
Suppose 0 = -152*z + 21*z + 35894. What is the remainder when z is divided by 251?
23
What is the remainder when 124 - (4 + -2 + -3) is divided by 20/(-16)*((-1404)/30 - 6)?
59
Let h(s) = 5*s**3 - 2*s**2 - 17*s + 20. Calculate the remainder when 324 is divided by h(1).
0
Let u(h) = -9*h - 7. What is the remainder when u(-6) is divided by 1/4*(2 + -4)*(-12 - 12)?
11
Let a(i) = -i**3 - 18*i**2 - 20*i - 43. Let g be a(-17). Suppose 195 - 19 = g*w. Suppose -108 = -2*m - 6. Calculate the remainder when m is divided by w.
7
Suppose 0 = 9*f - 19 - 8. Let t = 383 - 242. Suppose f*k + 31 = 4*g + t, 5*k + 4*g - 162 = 0. What is the remainder when k is divided by 18?
16
Suppose 60*c + 368883 = 164*c + 49*c. What is the remainder when c is divided by 52?
19
Let h(t) = 60*t**2 - 55*t - 162. Calculate the remainder when h(-16) is divided by 80.
78
Suppose 0*v + 2*f + 578 = 3*v, f = -1. What is the remainder when v is divided by 2*-2 + (-1247)/(-29)?
36
Suppose -10941 = -44*a + 3095. Calculate the remainder when 27752 is divided by a.
318
Suppose 4*w = 5*w - 3*c - 2, 4*w - c = -14. Let u = w - -34. Suppose 3*f - 3*